e prime factors of (u + -25)/(2/74)?
2, 37
Let s(h) = 206*h**2 + 42*h + 311. List the prime factors of s(-9).
16619
Let p(m) = 2*m**3 - 8*m**2 + 2*m - 8. Let o(l) = -l**2 - 9*l + 18. Let n be o(-10). Let i be p(n). Suppose -14*k = -10*k - i. What are the prime factors of k?
2, 5, 13
Let c(w) = -2*w**3 - 78*w**2 - 30*w + 356. List the prime factors of c(-45).
2, 13003
Let k(h) = -h**3 - 3*h**2 + 3*h + 12. Let r be k(-2). Suppose 0 = 2*s - 6, 4*l - r*s - 1818 = 0. What are the prime factors of l?
2, 3, 19
Let w be (-6)/10 + (-20)/(-75)*21. List the prime factors of (-3)/((w/1095)/(1/(-1))).
3, 73
Suppose -6*n + 2*v - 48 = -7*n, 2*v = 0. Let a(k) = -k**2 + 62*k - 160. List the prime factors of a(n).
2
Suppose -30*m - 738 = -36*m. Let l = m - -546. List the prime factors of l.
3, 223
Let x be (6 - 15 - -42)*(4 - 3). Suppose 22915 = x*i + 3181. What are the prime factors of i?
2, 13, 23
Let x = 59 + -30. Suppose -259 = -3*s + x. Let a = s - 45. List the prime factors of a.
3, 17
Suppose -5*x - 2*i = -319570, 2*x - 127857 = -3*i + 8*i. What are the prime factors of x?
2, 19, 29
Suppose -48816 - 813494 = -106*d. What are the prime factors of d?
5, 1627
Suppose -3*s + 24617 = -5*t, 32792 = -15*s + 19*s + t. List the prime factors of s.
3, 911
Let k(x) be the third derivative of x**6/60 + 11*x**5/30 + x**4/12 + 3*x**3 - 2*x**2. Let v be k(-11). List the prime factors of 404/8*v/(-8)*4.
101
Suppose -o - 5*u - 19 = 0, -2*u = -3*o + 5*o + 22. Let c be (1 - (-3 - -1)) + 0. What are the prime factors of (-3)/o*c - -146?
3, 7
Let v = 983 - 967. Suppose -v*f = -6316 - 21188. What are the prime factors of f?
3, 191
Let w(o) = -11*o + 31. Let s(z) = -22*z + 61. Let c(q) = 4*s(q) - 9*w(q). Let i be c(4). Let t = i + 177. List the prime factors of t.
2, 3, 31
What are the prime factors of (122/(-915))/((-10)/1318575)?
17581
Suppose -3*k + 26836 = 4*w - 1136, 0 = -6*k - 5*w + 55944. List the prime factors of k.
2, 3, 7, 37
Suppose 38*i - 119*i = -61479. List the prime factors of i.
3, 11, 23
Suppose -115*i = -108*i - 37096 - 82058. What are the prime factors of i?
2, 3, 2837
Suppose -16*h + 46*h = -36*h + 2859516. What are the prime factors of h?
2, 3, 29, 83
What are the prime factors of 1*(-4)/6 + (32682/(-9))/(-2)?
3, 5, 11
Let b = -553 + 695. Let g(w) = w**3 + 5*w**2 + 5. Let j be g(-5). Suppose 2*a - b = -3*z, -135 - 149 = -4*a + j*z. List the prime factors of a.
71
Let m(b) = 42*b**2 - 2*b - 6. Let q(x) = 85*x**2 - 4*x - 11. Let i(f) = 5*m(f) - 2*q(f). List the prime factors of i(-2).
2, 3, 13
List the prime factors of ((-62238)/1012)/(0 - ((-1)/(-82) + 0)).
3, 41
Suppose -5*a = -7*a + 8. Let g be (13 - 14) + a + 0. What are the prime factors of g + (3 - -40) + 3?
7
Suppose 78*f - 16*f - 36271 = -21*f. What are the prime factors of f?
19, 23
Suppose -4*k = -4*d - 76, 2*k = 4*k + 2*d - 18. Let n be (-12)/28 - (-20)/k. List the prime factors of -1 + -3 + 27 + n.
2, 3
Suppose -3*n - 2*k = -54601, 2*n + 10916 - 47317 = -k. List the prime factors of n.
3, 6067
Let o = -107530 - -152592. List the prime factors of o.
2, 22531
Suppose 31*u = 30*u. Suppose u = 25*p - 27*p. Suppose p = -4*z + 6*z - 112. What are the prime factors of z?
2, 7
Let v be 6 + (-6)/3 + 26 + -25. Suppose -2*j + 7*i - v*i + 3246 = 0, 2*i = 3*j - 4869. What are the prime factors of j?
3, 541
Suppose -85*v = -81*v + 2*l - 55724, -4*v + 55760 = -4*l. What are the prime factors of v?
2, 6967
Suppose -5*m - 4*l = 0, 3*m + 2*l = -3*l. Let g(u) = u**2 + 279. What are the prime factors of g(m)?
3, 31
What are the prime factors of (-45690)/(-12)*((9 - 4) + 3)?
2, 5, 1523
Let p(g) be the third derivative of -5*g**4/6 - 13*g**3/2 + 42*g**2. What are the prime factors of p(-11)?
181
List the prime factors of (81/4)/((-1675312)/(-52352) - 32).
2, 3, 409
Let p(k) be the third derivative of 41*k**8/20160 - k**6/360 + k**5/10 + 3*k**2. Let y(z) be the third derivative of p(z). What are the prime factors of y(2)?
2, 3
Let a = 19906 - 11727. List the prime factors of a.
8179
Suppose -5 = -2*h - 3*h + 4*y, -25 = -5*y. Suppose -3*d - 589 = 4*l - 0*d, h*l = d - 722. Let b = l - -271. What are the prime factors of b?
2, 3, 7
Let f = -1195 - -2649. Let j = 2048 - f. List the prime factors of j.
2, 3, 11
Let a(t) = 118*t**2 + 2324*t + 42. What are the prime factors of a(-23)?
2, 3, 751
Suppose 0 = -2*v - 4*i + 12870, -v - 28*i = -31*i - 6420. List the prime factors of v.
3, 2143
Let s be (-371)/(-2) - 6/(-4). Let a be 177/3 + 0 + -1. Let y = a + s. What are the prime factors of y?
5, 7
Let g(z) be the second derivative of -5*z**2 - 14*z + 5/4*z**4 + 0 + 2/3*z**3. What are the prime factors of g(3)?
137
Suppose -52*h + 50*h = -3*k - 26675, -39980 = -3*h - 2*k. List the prime factors of h.
2, 5, 31, 43
Let y be ((-96)/8 - -4)*-260. Suppose 8*q = 6*q + 74. Suppose -y = -q*i + 27*i. List the prime factors of i.
2, 13
List the prime factors of -77203*3/126*-6.
41, 269
Let r be (16/5 - 4)/((-2)/3590). Suppose -7*a - 50 = -r. What are the prime factors of a?
2, 3, 11
Let j = 147 + -60. Let b be 1 - 3 - -1 - -9. Suppose -2*p = 3*q - j, 3*p + b*q - 3*q - 132 = 0. What are the prime factors of p?
3, 13
Let v(k) = k**3 - 10*k**2 + 7*k - 9. Let o be (-16)/12*(-333)/(-6). Let b = o + 85. List the prime factors of v(b).
3, 7
Let p = 44692 - 13436. What are the prime factors of p?
2, 3907
Suppose -5*y - 3*s + 1224 = 0, s = 1489*y - 1485*y - 969. What are the prime factors of y?
3
Suppose -5*i - 5*v + 114095 = 0, -i + 0*v + v = -22809. List the prime factors of i.
2, 11, 17, 61
Let j = -19163 + 28502. List the prime factors of j.
3, 11, 283
Let v = -55 + 88. Suppose 5*u = 2*a - 12 + v, 4*a + 37 = 5*u. Let c = 12 + a. List the prime factors of c.
2
Let j(w) = 195*w + 1863. Let k be j(-9). Suppose n - 9 = -2*n. Suppose -n*d = -k - 174. What are the prime factors of d?
2, 47
Suppose -12*c = -8*c - 20. Suppose -5*s + 345 = -c*i, 2*s - 3*i - 103 = -8*i. Let a = 133 + s. What are the prime factors of a?
197
Let y = -332 - -335. Suppose -1705 = -y*a - a + p, -5*a - 3*p + 2127 = 0. List the prime factors of a.
2, 3, 71
Suppose -7*f + 10*f - 60 = 0. Suppose 5*r - 2*z = -475, 4*z = -r - 40 - 33. Let o = f - r. List the prime factors of o.
113
Let z(h) = -h + 4. Let s(q) = 82*q + 3. Let o(d) = -2*s(d) - 18*z(d). List the prime factors of o(-6).
2, 3, 7, 19
Let u(i) = i**2 - i + 3. Let p(t) = t**3 - 9*t**2 + 2*t - 15. Let x be p(9). Let z be (45/25)/(-3) - x/(-5). List the prime factors of u(z).
3
Let x(g) = g**3 + 12*g**2 - 8*g + 4. Let r be x(-12). Suppose -o = -290 - r. Suppose 2*q = -4*i + 354, 5*i - o = q + 49. List the prime factors of i.
2, 11
Let a(z) = -z**3 + 30*z**2 - 30*z - 363. List the prime factors of a(24).
3, 7, 113
Suppose -5843*f = -5822*f - 987. Let v(i) = 15*i**2 + 5*i + 6. Let u be v(-4). Let j = u + f. List the prime factors of j.
3, 7, 13
Let s(y) = -3 + 0 + y - 8*y**2 + 81*y**2. Let r(m) = 30*m + 241. Let b be r(-8). What are the prime factors of s(b)?
71
List the prime factors of (-1611 - 0)/(219/(-1387)).
3, 19, 179
Let z = 169 + -157. Suppose m - 2*n - 175 = 0, 0 = 22*n - 18*n + z. List the prime factors of m.
13
Suppose -p - 4*v = 315, -4*p = 2*v + 869 + 335. Let b = p + 891. What are the prime factors of b?
2, 37
Suppose -z = -5*n + 41362, 26*z + 16552 = 2*n + 22*z. List the prime factors of n.
2, 11, 47
Let t = 4886 - 2664. What are the prime factors of t?
2, 11, 101
Let n(y) = -271*y**2 + y - 2. Let g be n(1). Let f = 155 - g. What are the prime factors of f?
7, 61
Let c(v) = -24*v - 215. Suppose 31*i + 4*w + 92 = 27*i, -5*i - 2*w - 121 = 0. List the prime factors of c(i).
5, 7, 11
Let u be (-14)/(-18) + 5*(-6)/(-135). Let k be 1/(3/6) - (-123)/u. Let d = -60 + k. List the prime factors of d.
5, 13
Suppose -12*y + 4*y + 160 = 0. Suppose 4*j - 12 = 4*l, 2*j = -2*j + y. Suppose 6*p = l*p + 5*c + 338, -p + 90 = -4*c. List the prime factors of p.
2, 41
Let a be (-205)/6 + 17/102. Let o = a - -27. Let c(j) = 2*j**2 + 2*j - 10. What are the prime factors of c(o)?
2, 37
Suppose 0 = 2*g - 2*u - 58, 4*g - 2*u = 107 + 13. Suppose -28*n - 975 = -g*n. What are the prime factors of n?
5, 13
Suppose 5*x - 41 = -16. Suppose 4 = -5*i + 4*g, x*i - 3*i - 2*g = -2. Suppose -3*u = -i*u - 114. List the prime factors of u.
2, 19
